{"id":12,"date":"2011-03-20T10:43:09","date_gmt":"2011-03-20T10:43:09","guid":{"rendered":"http:\/\/agrinschgl.wreiner.at\/wordpress\/?page_id=12"},"modified":"2021-01-11T11:20:48","modified_gmt":"2021-01-11T09:20:48","slug":"vorstand","status":"publish","type":"page","link":"http:\/\/www.karrieremanagement.at\/?page_id=12","title":{"rendered":"Vorstand"},"content":{"rendered":"<p><strong>Verein: <\/strong>training wei\u00df-gr\u00fcn &#8211; Verein f\u00fcr Jugend- und Erwachsenenbildung<br \/>\nvertreten durch<br \/>\n<strong>Obmann:<\/strong> Ing. Dipl.-Ing. (FH) Simon Aldrian<br \/>\n<b><\/b><\/p>\n","protected":false},"excerpt":{"rendered":"<p>Verein: training wei\u00df-gr\u00fcn &#8211; Verein f\u00fcr Jugend- und Erwachsenenbildung vertreten durch Obmann: Ing. Dipl.-Ing. (FH) Simon Aldrian<\/p>\n","protected":false},"author":1,"featured_media":0,"parent":11,"menu_order":0,"comment_status":"closed","ping_status":"closed","template":"onecolumn-page.php","meta":[],"_links":{"self":[{"href":"http:\/\/www.karrieremanagement.at\/index.php?rest_route=\/wp\/v2\/pages\/12"}],"collection":[{"href":"http:\/\/www.karrieremanagement.at\/index.php?rest_route=\/wp\/v2\/pages"}],"about":[{"href":"http:\/\/www.karrieremanagement.at\/index.php?rest_route=\/wp\/v2\/types\/page"}],"author":[{"embeddable":true,"href":"http:\/\/www.karrieremanagement.at\/index.php?rest_route=\/wp\/v2\/users\/1"}],"replies":[{"embeddable":true,"href":"http:\/\/www.karrieremanagement.at\/index.php?rest_route=%2Fwp%2Fv2%2Fcomments&post=12"}],"version-history":[{"count":5,"href":"http:\/\/www.karrieremanagement.at\/index.php?rest_route=\/wp\/v2\/pages\/12\/revisions"}],"predecessor-version":[{"id":132,"href":"http:\/\/www.karrieremanagement.at\/index.php?rest_route=\/wp\/v2\/pages\/12\/revisions\/132"}],"up":[{"embeddable":true,"href":"http:\/\/www.karrieremanagement.at\/index.php?rest_route=\/wp\/v2\/pages\/11"}],"wp:attachment":[{"href":"http:\/\/www.karrieremanagement.at\/index.php?rest_route=%2Fwp%2Fv2%2Fmedia&parent=12"}],"curies":[{"name":"wp","href":"https:\/\/api.w.org\/{rel}","templated":true}]}}