{"id":61,"date":"2011-03-20T10:35:05","date_gmt":"2011-03-20T08:35:05","guid":{"rendered":"http:\/\/agrinschgl.wreiner.at\/wordpress\/?page_id=4"},"modified":"2021-01-11T11:21:26","modified_gmt":"2021-01-11T09:21:26","slug":"uber-uns","status":"publish","type":"page","link":"http:\/\/www.karrieremanagement.at\/","title":{"rendered":"HOME"},"content":{"rendered":"<p>&#8230;auf der Website von karrieremanagment.at. Wir sind ein Verein zur Weiterbildung von Jugendlichen und jungen Erwachsenen. Unser Ziel ist es in unterschiedlichsten Themenbereichen wie etwa Kommunikation, Rhetorik, \u00d6ffentlichkeitsarbeit, Projektmanagment unsere Teilnehmerinnen und Teilnehmer bestm\u00f6glich weiterzubilden.<\/p>\n<p><em>F\u00fcr training wei\u00df-gr\u00fcn &#8211; Dipl.-Ing. (FH) Simon Aldrian &#8211; Obmann<\/em><\/p>\n","protected":false},"excerpt":{"rendered":"<p>&#8230;auf der Website von karrieremanagment.at. Wir sind ein Verein zur Weiterbildung von Jugendlichen und jungen Erwachsenen. Unser Ziel ist es in unterschiedlichsten Themenbereichen wie etwa Kommunikation, Rhetorik, \u00d6ffentlichkeitsarbeit, Projektmanagment unsere Teilnehmerinnen und Teilnehmer bestm\u00f6glich weiterzubilden. F\u00fcr training wei\u00df-gr\u00fcn &#8211; Dipl.-Ing. (FH) Simon Aldrian &#8211; Obmann<\/p>\n","protected":false},"author":1,"featured_media":0,"parent":0,"menu_order":0,"comment_status":"closed","ping_status":"closed","template":"","meta":[],"_links":{"self":[{"href":"http:\/\/www.karrieremanagement.at\/index.php?rest_route=\/wp\/v2\/pages\/61"}],"collection":[{"href":"http:\/\/www.karrieremanagement.at\/index.php?rest_route=\/wp\/v2\/pages"}],"about":[{"href":"http:\/\/www.karrieremanagement.at\/index.php?rest_route=\/wp\/v2\/types\/page"}],"author":[{"embeddable":true,"href":"http:\/\/www.karrieremanagement.at\/index.php?rest_route=\/wp\/v2\/users\/1"}],"replies":[{"embeddable":true,"href":"http:\/\/www.karrieremanagement.at\/index.php?rest_route=%2Fwp%2Fv2%2Fcomments&post=61"}],"version-history":[{"count":7,"href":"http:\/\/www.karrieremanagement.at\/index.php?rest_route=\/wp\/v2\/pages\/61\/revisions"}],"predecessor-version":[{"id":133,"href":"http:\/\/www.karrieremanagement.at\/index.php?rest_route=\/wp\/v2\/pages\/61\/revisions\/133"}],"wp:attachment":[{"href":"http:\/\/www.karrieremanagement.at\/index.php?rest_route=%2Fwp%2Fv2%2Fmedia&parent=61"}],"curies":[{"name":"wp","href":"https:\/\/api.w.org\/{rel}","templated":true}]}}